-3). Suppose 2*k + 0*k - d*q = 81, 4*k - 151 = -5*q. What is the remainder when k is divided by 21?
18
Suppose o + 43 = 3*i, 34 = 2*i - 2*o + 4*o. What is the remainder when i is divided by 4?
3
Let k(s) = 4*s + 9. Calculate the remainder when 41 is divided by k(3).
20
Suppose 0 = 7*n - 2*n - g - 44, -2*g = -n + 7. What is the remainder when 26 is divided by n?
8
Suppose 0 = -5*q - 13 - 17. What is the remainder when ((-15)/q + -2)*178 is divided by 23?
20
Let i(v) = 13*v**2 + 4*v + 1. Let y be i(-3). Suppose y = -u + 3*u. Suppose 4*k + 14 = -4*d + 82, -4*d = 2*k - 70. What is the remainder when u is divided by d?
17
Suppose 3*g = -c + 60, c - 5*g - 60 = -2*g. Calculate the remainder when 179 is divided by c.
59
Suppose h - 21 = -3*d, -4*h - d - 2*d = -111. Calculate the remainder when h is divided by 11.
8
Let g(w) = -w**2 + 2*w + 42. What is the remainder when g(0) is divided by 22?
20
Let p = 39 + 2. What is the remainder when p is divided by 12?
5
Let n(i) = i**3 - 13*i**2 + 5*i - 11. What is the remainder when n(13) is divided by 28?
26
Suppose -6 = -3*k, -2*n + 3*k = 2*n + 90. Suppose -4*y + 6 + 6 = 0. Calculate the remainder when ((-15)/(-2))/(n/(-28)) is divided by y.
1
Suppose -4*t + 0*t = -232. Suppose 4*s - 5*r + 1 = 51, 0 = -5*s + 4*r + t. Calculate the remainder when 19 is divided by s.
9
Let o(b) = -12*b - 3. Suppose 0 = x + 4*x - 60. Calculate the remainder when o(-4) is divided by x.
9
Let y(m) = -m + 6. Let w be y(4). Suppose 0 = -3*s - w*j + 17, -j - 15 = -s + 3*j. Calculate the remainder when s is divided by 2.
1
Let s(g) = -3*g**3 - 3*g**2 - 4*g - 3. Calculate the remainder when 48 is divided by s(-2).
14
Let r = 14 + -3. What is the remainder when 41 is divided by r?
8
What is the remainder when (49 - 3 - 1) + -5 is divided by 12?
4
Suppose 0 = d + 3*y - 14, -3*d + 2*d + 10 = -y. What is the remainder when 32 is divided by d?
10
Let b(f) = f**2 + 4*f - 10. Suppose 4*j = -5*o - 29 - 22, -5*o = 2*j + 33. Calculate the remainder when b(j) is divided by 19.
16
Let f = 10 + -7. Suppose 0 = -p, -f*l - p + 53 = -133. Suppose -5*o - 12 = -l. What is the remainder when 18 is divided by o?
8
Suppose -5*h = -4*g, 7 + 4 = h - 3*g. Calculate the remainder when 53 is divided by (6/h)/((-27)/252).
11
Let t = 10 - 8. Suppose 0 = -7*z + t*z + 20. Calculate the remainder when 5 is divided by z.
1
Let m = -31 - -47. Suppose 203 + 107 = 5*o. What is the remainder when o is divided by m?
14
What is the remainder when 26 is divided by ((-36)/3)/(-4) + 4?
5
Suppose 3*y = -16 + 31, 2*m - 4*y - 58 = 0. Calculate the remainder when m is divided by 23.
16
Suppose 5*g - 2*g - 6 = -f, 5*f - 5*g + 30 = 0. Calculate the remainder when 119 is divided by (-91)/f - 1/3.
29
Let f(y) = y**2 + 10*y + 17. What is the remainder when 13 is divided by f(-9)?
5
Suppose -355 = -3*v - 0*c + 2*c, -5*c = 2*v - 262. Suppose 3*s + 4*u - v = 0, s + 0*u + 2*u = 39. What is the remainder when s is divided by 15?
13
Let b(w) = -w**2 - 8*w - 4. Let k be b(-7). Suppose -10 = -k*s - 3*q + 11, 5*q + 55 = 4*s. What is the remainder when 29 is divided by s?
9
Let n be 264/56 + (-4)/(-14). Suppose -8 = -n*f + 3*f. Suppose 55 = c + f*c. Calculate the remainder when c is divided by 6.
5
Let y(h) = -h**2 - 11*h + 1. Calculate the remainder when y(-7) is divided by 4.
1
What is the remainder when 13 is divided by (-2)/4 + (-126)/(-28)?
1
Let k = 12 - 5. Let w(r) = r**3 - 6*r**2 + 7*r - 6. Calculate the remainder when k is divided by w(5).
3
Let w = 94 + -50. Calculate the remainder when w is divided by 2/4 - (-58)/4.
14
Let h(z) be the third derivative of 2*z**5/15 - z**4/8 - z**3/2 - 2*z**2. What is the remainder when h(-2) is divided by 12?
11
Let i(k) = 2*k**2 - 4*k - 1. Let g be i(3). Suppose 20 = -q + g*q. What is the remainder when q is divided by 2?
1
Let r = 10 + -4. Let g be 0 - (-24)/((-3)/(-1)). Let p = g - r. What is the remainder when 4 is divided by p?
0
Suppose c = -4, 5*c + 4 + 26 = 5*o. Suppose -2 - 4 = -o*d, 5*d - 33 = -3*f. Suppose 100 - 80 = 2*r. Calculate the remainder when r is divided by f.
4
Let k be (12/(-10))/((-9)/60). Suppose -k - 1 = -3*h. What is the remainder when 7 is divided by h?
1
Suppose -b + 26 + 12 = 0. Calculate the remainder when b is divided by 13.
12
Suppose 0 = -8*u + 6*u + 312. Suppose -88 - u = -4*p. Calculate the remainder when p is divided by 21.
19
Suppose 3*y = 9, -3*l - 3*y = -2*l + 3. Let q = 20 + l. Calculate the remainder when 22 is divided by q.
6
Suppose 2*z = -3*s + 17, 3*s = 3*z - s. Calculate the remainder when 14 is divided by z.
2
Suppose l - 32 = -l. Let q = 2 + 1. Suppose q*v + 315 = 8*v. Calculate the remainder when v is divided by l.
15
Let m be (-8)/1*10/(-8). Suppose 3*i = 2*i + m. Calculate the remainder when 28 is divided by i.
8
Calculate the remainder when 35 is divided by (2/5)/(5/125).
5
Let i(o) = -2*o**3 + 50*o**2 + 11. Let z(f) = -f + 7. Let q be z(7). Suppose -v + q*v = -20. What is the remainder when v is divided by i(25)?
9
Suppose -3*r - 40 = -5*r + 3*g, -r + 4*g + 10 = 0. What is the remainder when r is divided by 10?
6
Suppose 2*h + 174 = 5*h. Calculate the remainder when h is divided by 12.
10
Suppose -2*y + 32 + 34 = 0. Let s = 241 - 112. Calculate the remainder when s is divided by y.
30
Let w(l) = 3*l - 1. Let i(o) = -10*o + 4. Let b(t) = -2*i(t) - 7*w(t). What is the remainder when 11 is divided by b(-7)?
5
Let t(q) = -16*q - 13. What is the remainder when t(-9) is divided by 15?
11
Let t be 0/(0 - 6/2). Suppose t = -4*m + 3*m + 10. Calculate the remainder when 18 is divided by m.
8
Calculate the remainder when (4 - 8)/(-1) + 25 is divided by 16.
13
Let q = -92 - -104. Let x(p) = -203*p - 1. Let v be x(-3). What is the remainder when 2/9 + v/18 is divided by q?
10
Let g = -1 - -11. What is the remainder when 16 is divided by g?
6
Suppose -5*t = -y + 6, -2*t = -t - 2*y + 3. Calculate the remainder when t/2 - (-172)/8 is divided by 6.
3
Let l(m) = -2*m - 8. Let d(x) = x - 7. Let t be d(0). Suppose 7*q - 20 = 2*q. What is the remainder when l(t) is divided by q?
2
Suppose -3*j = 3*i + 39, -4*j - j = -2*i - 12. Let l(m) = -2*m + 5. What is the remainder when l(i) is divided by 7?
6
What is the remainder when 74 is divided by 14 + (-4 - -6) + -1?
14
Let c(k) = k**3 + 4*k**2 + 2*k. Let f(b) = b**2 + b - 1. Let s(w) = c(w) - 2*f(w). Let p(l) = -l - 3. What is the remainder when p(-6) is divided by s(-2)?
1
Suppose n + 342 = -2*n. What is the remainder when 8 is divided by n/(-21) - 6/14?
3
Suppose 2*o - 96 = o. What is the remainder when o is divided by 14?
12
Let q(r) = 5*r**2 - 3*r - 5. What is the remainder when q(5) is divided by 36?
33
Let s(f) = -3*f - 1. Let j be s(-2). Calculate the remainder when 26 is divided by 168/20 + 3/j.
8
Suppose 7*y + u + 2 = 4*y, 3*u = -2*y - 13. Let s be ((-1)/y)/(2/(-4)). Suppose 4*f = s*f + 22. What is the remainder when f is divided by 4?
3
What is the remainder when 45/4 + (-21)/84 is divided by (8/(-6))/((-1)/3)?
3
Let b(n) be the second derivative of -n**5/20 - n**4/12 + n**3/6 + 3*n. What is the remainder when 27 is divided by b(-3)?
12
Let l(f) = f**3 + 4*f**2 - 10*f - 17. What is the remainder when 54 is divided by l(-5)?
6
Let a(c) = -c**2 + 5*c + 8. Let b be a(6). Suppose -58 = -2*j - 3*j + m, -b*j + 14 = -5*m. Calculate the remainder when 21 is divided by j.
9
Let b(v) = v**2 - 11*v + 18. What is the remainder when 87 is divided by b(12)?
27
Let y(a) = 6*a + 2. What is the remainder when 1 + -1 + (31 - 0) is divided by y(1)?
7
Calculate the remainder when 58 is divided by (-1)/2 + (-305)/(-10).
28
Suppose -2*c - 158 = -5*l, -3*l + 5*c + 98 = 3*c. Calculate the remainder when 87 is divided by l.
27
Suppose 0 = -3*i - 5 + 17. Let p be (-4 + -8)*(-2)/i. Calculate the remainder when (-121)/(-7) + p/(-21) is divided by 9.
8
Let r(v) = -v**2 + 5*v + 8. Let u be r(6). Suppose -s - 5 = -4*g, s - 15 = -3*g - u*s. What is the remainder when g is divided by 2?
0
Let n(f) = f**2 + 10*f + 35. What is the remainder when 15 is divided by n(-6)?
4
Suppose -i - 1 = b, -5*b + 4*i - 5*i = -3. Let p = -4 + b. Calculate the remainder when 4 is divided by 3*((-8)/p + -2).
0
Suppose 0*u - 3*u = -6. Calculate the remainder when ((-2)/7)/(2/(-14)) is divided by u.
0
Let n(s) = 7*